alse
Is 29225917 a multiple of 232?
False
Is 331 a factor of 1253828?
True
Is 1055667270 a multiple of 245?
True
Is 43 a factor of 228475985?
True
Is 300056572 a multiple of 1419?
False
Is 13 a factor of 45690980?
False
Is 494 a factor of 258561118?
False
Is 2088 a factor of 140086008?
True
Is 156849021 a multiple of 18?
False
Is 105172425 a multiple of 2799?
True
Is 449737734 a multiple of 299?
False
Is 6 a factor of 311187924?
True
Is 12 a factor of 117405599?
False
Is 16 a factor of 544616?
False
Does 68 divide 149452508?
True
Does 822 divide 150933819?
False
Is 9 a factor of 28815900?
False
Is 510 a factor of 1135368630?
True
Does 9 divide 75780564?
False
Does 9 divide 82119496?
False
Is 1874 a factor of 149190965?
False
Does 14 divide 1335269113?
False
Is 95 a factor of 185203210?
False
Is 23 a factor of 4072152369?
True
Does 25 divide 36103750?
True
Is 116748824 a multiple of 39?
False
Does 16 divide 145394320?
True
Is 288233798 a multiple of 4183?
True
Is 103 a factor of 1346335557?
True
Is 78 a factor of 17624490?
True
Does 4 divide 18130157?
False
Is 348 a factor of 41751236?
False
Is 51 a factor of 328556157?
False
Does 506 divide 437878264?
False
Does 1429 divide 1562031477?
False
Is 1618 a factor of 278671805?
False
Does 7 divide 19831112?
True
Does 475 divide 136890250?
True
Is 10171 a factor of 354006360?
False
Is 92 a factor of 3066912?
True
Is 1492454107 a multiple of 1528?
False
Does 716 divide 41750805?
False
Is 47 a factor of 1459367907?
True
Is 33 a factor of 44478447?
False
Is 200779866 a multiple of 63?
True
Is 17007979 a multiple of 71?
True
Does 529 divide 83195301?
True
Does 17 divide 4797077?
True
Does 136 divide 2293716568?
True
Is 344 a factor of 16397104?
True
Is 1674140790 a multiple of 345?
True
Does 24 divide 5747352?
True
Does 106 divide 170696994?
True
Is 41796911 a multiple of 9?
False
Is 12832872 a multiple of 78?
True
Is 27 a factor of 15890364?
True
Is 253136520 a multiple of 273?
True
Is 27 a factor of 644415291?
True
Is 8513003 a multiple of 463?
False
Is 132 a factor of 34550809?
False
Is 161 a factor of 3688974095?
False
Is 106733941 a multiple of 3282?
False
Is 526216480 a multiple of 5020?
True
Is 2484665370 a multiple of 495?
True
Is 90306608 a multiple of 503?
True
Does 9 divide 368990811?
True
Is 50934095 a multiple of 367?
True
Does 744 divide 281579448?
True
Does 50 divide 19830900?
True
Is 74957783 a multiple of 31?
True
Does 114 divide 956144676?
True
Does 15 divide 263565749?
False
Is 646448352 a multiple of 388?
True
Is 1097717 a multiple of 2?
False
Is 15 a factor of 2299747635?
True
Is 1926 a factor of 254570976?
True
Does 3 divide 64532332?
False
Is 2344 a factor of 475435829?
False
Does 553 divide 59318712?
False
Is 185 a factor of 259329115?
True
Does 30 divide 84126690?
True
Is 3787914 a multiple of 44?
False
Does 33 divide 2189928149?
False
Is 2229932368 a multiple of 2107?
False
Is 17 a factor of 64383949?
False
Is 103514755 a multiple of 109?
False
Is 274 a factor of 181087422?
True
Is 2131470275 a multiple of 12?
False
Is 240 a factor of 24790453?
False
Is 131056290 a multiple of 12018?
True
Is 1570137565 a multiple of 1022?
False
Is 6 a factor of 60976217?
False
Is 57852705 a multiple of 61?
True
Is 34329541 a multiple of 827?
False
Does 7 divide 3139804?
False
Does 120 divide 165730440?
True
Is 28090 a multiple of 2?
True
Is 1059319808 a multiple of 25?
False
Is 1973 a factor of 267039631?
True
Does 84 divide 77395584?
True
Does 963 divide 22205817?
True
Does 2402 divide 63263091?
False
Is 89229453 a multiple of 96?
False
Is 418 a factor of 82446738?
True
Is 47 a factor of 2664498?
False
Does 13 divide 259888444?
False
Is 513 a factor of 31098274?
False
Does 105 divide 173266695?
True
Does 46 divide 1525939885?
False
Does 1005 divide 5160492090?
True
Is 149 a factor of 56873300?
True
Does 256 divide 347140875?
False
Is 9 a factor of 65969406?
True
Is 93274222 a multiple of 3362?
False
Is 7464413 a multiple of 61?
False
Is 96559452 a multiple of 36?
True
Does 4190 divide 1676151560?
False
Does 5 divide 14328145?
True
Is 1101 a factor of 98579649?
False
Is 320547816 a multiple of 2004?
True
Is 38 a factor of 25318936?
False
Is 3835960857 a multiple of 181?
False
Is 39133391 a multiple of 281?
False
Is 1241 a factor of 74378094?
True
Is 18 a factor of 35767764?
True
Is 62 a factor of 42972562?
False
Is 2698 a factor of 1756303570?
True
Is 19172424 a multiple of 6?
True
Does 135 divide 1274517585?
True
Is 20 a factor of 1457388157?
False
Is 3 a factor of 8948452?
False
Does 30 divide 38404170?
True
Is 3514 a factor of 686389620?
True
Is 31785933 a multiple of 56?
False
Is 4008 a factor of 247770552?
True
Does 29 divide 202225990?
True
Is 4339506688 a multiple of 44?
True
Is 2607840 a multiple of 240?
True
Does 75 divide 4432062?
False
Is 6273610 a multiple of 8?
False
Is 40 a factor of 244272486?
False
Does 62 divide 64923722?
False
Does 1146 divide 2597965956?
True
Is 5097946422 a multiple of 44?
False
Is 65175678 a multiple of 3?
True
Is 2 a factor of 12128940?
True
Is 204 a factor of 4882740?
True
Is 2137 a factor of 333438639?
False
Does 3109 divide 13121845?
False
Does 3780 divide 3442071780?
True
Does 10 divide 29474340?
True
Does 361 divide 84201970?
False
Does 13 divide 12741310?
False
Is 42 a factor of 336284844?
True
Is 12266043 a multiple of 3?
True
Is 15 a factor of 272374136?
False
Is 382 a factor of 26462668?
True
Does 252 divide 35841708?
True
Is 342950493 a multiple of 11?
False
Is 1081581600 a multiple of 106?
True
Is 25100196 a multiple of 44?
True
Is 8 a factor of 170242525?
False
Is 2106806632 a multiple of 121?
False
Is 145336256 a multiple of 32?
True
Does 112 divide 24511312?
True
Does 6 divide 27274968?
True
Is 1159 a factor of 195056223?
True
Does 43 divide 10535527?
False
Is 60401975 a multiple of 19?
False
Is 17 a factor of 1993445398?
True
Is 3944798 a multiple of 2122?
True
Is 3132 a factor of 382683420?
True
Does 53 divide 3001222361?
True
Is 357459486 a multiple of 62?
False
Is 302 a factor of 284494584?
False
Does 39 divide 2000241087?
True
Is 65 a factor of 10992345?
True
Is 196 a factor of 2217526556?
True
Is 150833264 a multiple of 472?
True
Is 153580836 a multiple of 12?
True
Is 262 a factor of 80774338?
True
Is 526 a factor of 42770112?
True
Is 115406424 a multiple of 1016?
True
Is 58977216 a multiple of 1824?
True
Does 158 divide 18971863?
False
Does 6973 divide 7541926783?
False
Is 245410566 a multiple of 543?
False
Does 12 divide 24482875?
False
Is 11364918 a multiple of 278?
True
Is 168 a factor of 46434696?
True
Is 59 a factor of 50249415?
True
Is 1659613824 a multiple of 456?
True
Is 349 a factor of 50020774?
True
Is 31397079 a multiple of 31?
True
Is 136 a factor of 592033432?
True
Is 1583 a factor of 75924385?
False
Is 619063500 a multiple of 3740?
True
Is 1550 a factor of 53412893?
False
Is 70351655 a multiple of 2365?
True
Is 50 a factor of 113229550?
True
Does 1482 divide 60353121?
False
Is 25 a factor of 579447931?
False
Is 517116698 a multiple of 22?
False
Is 684 a factor of 1140249888?
True
Does 29 divide 20772236?
True
Is 14 a factor of 621337444?
True
Is 434992277 a multiple of 329?
False
Does 63 divide 34113429?
True
Is 67488319 a multiple of 257?
False
Is 32428560 a multiple of 30?
True
Is 18514700 a multiple of 39?
False
Is 9 a factor of 441918387?
True
Is 2399584944 a multiple of 2143?
False
Is 6376771 a multiple of 43?
True
Is 897613748 a multiple of 80?
False
Is 7 a factor of 29046036?
False
Does 135 divide 545978205?
True
Is 103 a factor of 1345514703?
False
Does 100 divide 30729300?
True
Does 14 divide 924664062?
True
Is 1058348356 a multiple of 1722?
False
Does 20 divide 2909771?
False
Does 55 divide 506058507?
False
Is 1393 a factor of 14498894?
False
Does 328 divide 176196194?
False
Is 5256 a factor of 2469641976?
True
Is 455829746 a multiple of 4?
False
Is 401369296 a multiple of 153?
False
Does 238 divide 835637754?
True
Is 29476730 a multiple of 26?
False
Does 4273 divide 124344300?
True
Does 67 divide 318062247?
False
Is 13786962 a multiple of 8?
False
Is 11 a factor of 985931243?
True
Is 359 a factor of 10335361?
False
Does 1042 divide 20094730?
False
Does 877 divide 22511181?
False
Is 10068 a factor of 5947095